{"id":5831,"date":"2024-07-11T13:56:40","date_gmt":"2024-07-11T13:56:40","guid":{"rendered":"https:\/\/samsam-beauty.de\/?post_type=product&#038;p=5831"},"modified":"2025-10-13T14:44:07","modified_gmt":"2025-10-13T14:44:07","slug":"samsam-beauty-whitening-cream","status":"publish","type":"product","link":"https:\/\/samsam-beauty.de\/?product=samsam-beauty-whitening-cream","title":{"rendered":"SamSam Beauty Whitening Cream"},"content":{"rendered":"<p>Der SamSam Beauty Whitening Cream zur Hautaufhellung ist speziell<br \/>\nentwickelt f\u00fcr die Pflege empfindlicher Bereiche und des K\u00f6rpers. Mit<br \/>\nseiner reichhaltigen Formel aus Antioxidantien und nat\u00fcrlichen<br \/>\nInhaltsstoffen tr\u00e4gt er wirksam und sicher zur Aufhellung der Haut bei<br \/>\nund verleiht Ihnen eine weiche, straffe und strahlende Haut.<\/p>\n<p><strong>Produkteigenschaften:<\/strong><br \/>\n\u2022 Hautaufhellung: Hilft, dunkle Flecken und Hautverf\u00e4rbungen<br \/>\nzu reduzieren.<br \/>\n\u2022 Hautstraffung: Enth\u00e4lt Inhaltsstoffe, die die Haut straffen und<br \/>\nelastischer machen.<br \/>\n\u2022 Tiefenbefeuchtung: N\u00e4hrt und befeuchtet die Haut intensiv,<br \/>\nwas zu einer verbesserten Textur beitr\u00e4gt.<br \/>\n\u2022 Sicher in der Anwendung: Geeignet f\u00fcr alle Hauttypen,<br \/>\neinschlie\u00dflich empfindlicher Haut.<br \/>\n\u2022 Effektive Ergebnisse: Liefert bemerkenswerte Ergebnisse in<br \/>\nkurzer Zeit bei regelm\u00e4\u00dfiger Anwendung.<\/p>\n<p><strong>Anwendung:<\/strong><br \/>\n\u2022 Reinigen und trocknen Sie die Haut gr\u00fcndlich.<br \/>\n\u2022 Tragen Sie eine angemessene Menge der Creme auf die zu<br \/>\naufhellende Stelle auf.<br \/>\n\u2022 Massieren Sie die Creme sanft in kreisenden Bewegungen<br \/>\nein, bis sie vollst\u00e4ndig eingezogen ist.<br \/>\n\u2022 Verwenden Sie die Creme zweimal t\u00e4glich f\u00fcr optimale<br \/>\nErgebnisse.<\/p>\n<p><strong>Inhaltsstoffe:<\/strong><br \/>\nSamSam Beauty Whitening Cream hellt und n\u00e4hrt die Haut mit<br \/>\nnat\u00fcrlichen Inhaltsstoffen wie Fruchtextrakten, Vitamin C und<br \/>\nAntioxidantien. Die Creme enth\u00e4lt eine Mischung aus nat\u00fcrlichen<br \/>\nInhaltsstoffen und N\u00e4hrstoffen, die zu einer weichen und straffen<br \/>\nHaut beitragen.<\/p>\n<p><strong>Inhaltsstoffe:<\/strong><br \/>\n\u2022 Wasser<br \/>\n\u2022 Glycerin<br \/>\n\u2022 Propylenglykol<br \/>\n\u2022 Sorbit (Zucker) Alkohol<br \/>\n\u2022 Polydimethylsiloxan<br \/>\n\u2022 Ethylhexylpalmitat<br \/>\n\u2022 CI 77891<br \/>\n\u2022 Mineral\u00f6l<br \/>\n\u2022 Mineralfette<br \/>\n\u2022 Phenoxyethanol<br \/>\n\u2022 Polyacrylamid<br \/>\n\u2022 Niacinamid<br \/>\n\u2022 C13-14 Isoalkane<br \/>\n\u2022 Triethanolamin<br \/>\n\u2022 P-Hydroxyacetophenon<br \/>\n\u2022 Carbomer<br \/>\n\u2022 Xanthan Gum<\/p>\n<p><strong>Packungsgr\u00f6\u00dfe:<\/strong><\/p>\n<p>Erh\u00e4ltlich in einer 100-Gramm-Packung<\/p>\n","protected":false},"excerpt":{"rendered":"<p>Der SamSam Beauty Whitening Cream zur Hautaufhellung ist speziell entwickelt f\u00fcr die Pflege empfindlicher Bereiche und des K\u00f6rpers. Mit seiner reichhaltigen Formel aus Antioxidantien und nat\u00fcrlichen Inhaltsstoffen tr\u00e4gt er wirksam und sicher zur Aufhellung der Haut bei und verleiht Ihnen eine weiche, straffe und strahlende Haut. Produkteigenschaften: \u2022 Hautaufhellung: Hilft, dunkle Flecken und Hautverf\u00e4rbungen zu&#8230;<\/p>\n","protected":false},"featured_media":5835,"comment_status":"open","ping_status":"closed","template":"","meta":[],"product_brand":[],"product_cat":[27],"product_tag":[],"class_list":{"0":"post-5831","1":"product","2":"type-product","3":"status-publish","4":"has-post-thumbnail","6":"product_cat-beauty","8":"first","9":"instock","10":"taxable","11":"shipping-taxable","12":"purchasable","13":"product-type-simple"},"_links":{"self":[{"href":"https:\/\/samsam-beauty.de\/index.php?rest_route=\/wp\/v2\/product\/5831","targetHints":{"allow":["GET"]}}],"collection":[{"href":"https:\/\/samsam-beauty.de\/index.php?rest_route=\/wp\/v2\/product"}],"about":[{"href":"https:\/\/samsam-beauty.de\/index.php?rest_route=\/wp\/v2\/types\/product"}],"replies":[{"embeddable":true,"href":"https:\/\/samsam-beauty.de\/index.php?rest_route=%2Fwp%2Fv2%2Fcomments&post=5831"}],"wp:featuredmedia":[{"embeddable":true,"href":"https:\/\/samsam-beauty.de\/index.php?rest_route=\/wp\/v2\/media\/5835"}],"wp:attachment":[{"href":"https:\/\/samsam-beauty.de\/index.php?rest_route=%2Fwp%2Fv2%2Fmedia&parent=5831"}],"wp:term":[{"taxonomy":"product_brand","embeddable":true,"href":"https:\/\/samsam-beauty.de\/index.php?rest_route=%2Fwp%2Fv2%2Fproduct_brand&post=5831"},{"taxonomy":"product_cat","embeddable":true,"href":"https:\/\/samsam-beauty.de\/index.php?rest_route=%2Fwp%2Fv2%2Fproduct_cat&post=5831"},{"taxonomy":"product_tag","embeddable":true,"href":"https:\/\/samsam-beauty.de\/index.php?rest_route=%2Fwp%2Fv2%2Fproduct_tag&post=5831"}],"curies":[{"name":"wp","href":"https:\/\/api.w.org\/{rel}","templated":true}]}}