{"id":5880,"date":"2024-07-12T07:23:58","date_gmt":"2024-07-12T07:23:58","guid":{"rendered":"https:\/\/samsam-beauty.de\/?post_type=product&#038;p=5880"},"modified":"2025-04-02T16:18:40","modified_gmt":"2025-04-02T16:18:40","slug":"samsam-beauty-haarmaske-gegen-haarausfall","status":"publish","type":"product","link":"https:\/\/samsam-beauty.de\/?product=samsam-beauty-haarmaske-gegen-haarausfall","title":{"rendered":"SamSam Beauty Haarmaske gegen Haarausfall"},"content":{"rendered":"<p>Leiden Sie unter Haarausfall und suchen nach der perfekten L\u00f6sung? Wir pr\u00e4sentieren Ihnen die innovative SamSam Beauty Haarmaske mit ihrer einzigartigen Formel, die speziell entwickelt wurde, um Ihr Haar zu st\u00e4rken und Haarausfall zu verhindern. Die Haarmaske enth\u00e4lt zu 98 % nat\u00fcrliche Inhaltsstoffe wie Argan\u00f6l und Biotin, die das Haar tiefenwirksam mit Feuchtigkeit versorgen und n\u00e4hren, wodurch es kr\u00e4ftiger und elastischer wird.<\/p>\n<p><strong>&#8211; Produktvorteile:<\/strong><br \/>\n&#8211; Stoppt Haarausfall effektiv.<br \/>\n&#8211; N\u00e4hrt und befeuchtet das Haar von der Wurzel bis zur Spitze.<br \/>\n&#8211; Verbessert die Elastizit\u00e4t des Haares und verleiht nat\u00fcrlichen Glanz.<br \/>\n&#8211; Frei von Parabenen, Sulfaten und sch\u00e4dlichen Chemikalien.<\/p>\n","protected":false},"excerpt":{"rendered":"<p>Leiden Sie unter Haarausfall und suchen nach der perfekten L\u00f6sung? Wir pr\u00e4sentieren Ihnen die innovative SamSam Beauty Haarmaske mit ihrer einzigartigen Formel, die speziell entwickelt wurde, um Ihr Haar zu st\u00e4rken und Haarausfall zu verhindern. Die Haarmaske enth\u00e4lt zu 98 % nat\u00fcrliche Inhaltsstoffe wie Argan\u00f6l und Biotin, die das Haar tiefenwirksam mit Feuchtigkeit versorgen und&#8230;<\/p>\n","protected":false},"featured_media":5881,"comment_status":"open","ping_status":"closed","template":"","meta":[],"product_brand":[],"product_cat":[27],"product_tag":[],"class_list":{"0":"post-5880","1":"product","2":"type-product","3":"status-publish","4":"has-post-thumbnail","6":"product_cat-beauty","8":"first","9":"instock","10":"taxable","11":"shipping-taxable","12":"purchasable","13":"product-type-simple"},"_links":{"self":[{"href":"https:\/\/samsam-beauty.de\/index.php?rest_route=\/wp\/v2\/product\/5880","targetHints":{"allow":["GET"]}}],"collection":[{"href":"https:\/\/samsam-beauty.de\/index.php?rest_route=\/wp\/v2\/product"}],"about":[{"href":"https:\/\/samsam-beauty.de\/index.php?rest_route=\/wp\/v2\/types\/product"}],"replies":[{"embeddable":true,"href":"https:\/\/samsam-beauty.de\/index.php?rest_route=%2Fwp%2Fv2%2Fcomments&post=5880"}],"wp:featuredmedia":[{"embeddable":true,"href":"https:\/\/samsam-beauty.de\/index.php?rest_route=\/wp\/v2\/media\/5881"}],"wp:attachment":[{"href":"https:\/\/samsam-beauty.de\/index.php?rest_route=%2Fwp%2Fv2%2Fmedia&parent=5880"}],"wp:term":[{"taxonomy":"product_brand","embeddable":true,"href":"https:\/\/samsam-beauty.de\/index.php?rest_route=%2Fwp%2Fv2%2Fproduct_brand&post=5880"},{"taxonomy":"product_cat","embeddable":true,"href":"https:\/\/samsam-beauty.de\/index.php?rest_route=%2Fwp%2Fv2%2Fproduct_cat&post=5880"},{"taxonomy":"product_tag","embeddable":true,"href":"https:\/\/samsam-beauty.de\/index.php?rest_route=%2Fwp%2Fv2%2Fproduct_tag&post=5880"}],"curies":[{"name":"wp","href":"https:\/\/api.w.org\/{rel}","templated":true}]}}